{"id":73,"date":"2024-09-07T19:14:19","date_gmt":"2024-09-07T17:14:19","guid":{"rendered":"https:\/\/ascom.klodzko.pl\/?page_id=73"},"modified":"2024-12-27T22:38:24","modified_gmt":"2024-12-27T21:38:24","slug":"sprzedaz-oraz-dostawa-sprzetu-komputerowego","status":"publish","type":"page","link":"https:\/\/ascom.klodzko.pl\/index.php\/sprzedaz-oraz-dostawa-sprzetu-komputerowego\/","title":{"rendered":"Sprzeda\u017c oraz dostawa sprz\u0119tu komputerowego"},"content":{"rendered":"\n<p>Szukasz nowego sprz\u0119tu komputerowego, kt\u00f3ry nie tylko spe\u0142ni, ale wr\u0119cz przekroczy twoje oczekiwania? Wiesz, jak to jest \u2013 godziny sp\u0119dzone na szukaniu, przeszukiwanie recenzji i potem jeszcze zastanawianie si\u0119, czy wszystko si\u0119 ze sob\u0105 zgra. A mo\u017ce po prostu chcesz unikn\u0105\u0107 g\u0142owy pe\u0142nej zmartwie\u0144 zwi\u0105zanych z konfiguracj\u0105? Je\u015bli tak, to mamy dla Ciebie \u015bwietn\u0105 wiadomo\u015b\u0107! Zamiast traci\u0107 czas na techniczne detale, daj zna\u0107, a my zajmiemy si\u0119 wszystkim \u2013 od A do Z.<\/p>\n\n\n\n<p>Nasza ekipa nie tylko sprowadzi sprz\u0119t, ale tak\u017ce dostosuje go do Twoich indywidualnych potrzeb \u2013 w ko\u0144cu to nie sztuka po prostu kupi\u0107 komputer, sztuk\u0105 jest zrobi\u0107 to dobrze! Dzi\u0119ki naszemu do\u015bwiadczeniu i znajomo\u015bci najnowszych technologii, idealnie dopasujemy rozwi\u0105zania do Twoich wymaga\u0144 i bud\u017cetu.<\/p>\n\n\n\n<p>A to jeszcze nie wszystko! Zamiast martwi\u0107 si\u0119, czy sprz\u0119t \u201ewstanie z martwych\u201d po pod\u0142\u0105czeniu, my dostarczymy go prosto do Twojego biura lub domu, zainstalujemy, pod\u0142\u0105czymy, a Ty b\u0119dziesz gotowy do pracy od razu. Tak, dok\u0142adnie \u2013 \u017cadnego nudnego grzebania w ustawieniach. Z nami konfiguracja to przyjemno\u015b\u0107, a nie koszmar!<\/p>\n\n\n\n<p><\/p>\n\n\n\n<p><\/p>\n","protected":false},"excerpt":{"rendered":"<p>Szukasz nowego sprz\u0119tu komputerowego, kt\u00f3ry nie tylko spe\u0142ni, ale wr\u0119cz przekroczy twoje oczekiwania? Wiesz, jak to jest \u2013 godziny sp\u0119dzone na szukaniu, przeszukiwanie recenzji i potem jeszcze zastanawianie si\u0119, czy wszystko si\u0119 ze sob\u0105 zgra. A mo\u017ce po prostu chcesz unikn\u0105\u0107 g\u0142owy pe\u0142nej zmartwie\u0144 zwi\u0105zanych z konfiguracj\u0105? Je\u015bli tak, to mamy dla Ciebie \u015bwietn\u0105 wiadomo\u015b\u0107! [&hellip;]<\/p>\n","protected":false},"author":2,"featured_media":0,"parent":0,"menu_order":0,"comment_status":"closed","ping_status":"closed","template":"","meta":{"footnotes":""},"class_list":["post-73","page","type-page","status-publish","hentry"],"_links":{"self":[{"href":"https:\/\/ascom.klodzko.pl\/index.php\/wp-json\/wp\/v2\/pages\/73","targetHints":{"allow":["GET"]}}],"collection":[{"href":"https:\/\/ascom.klodzko.pl\/index.php\/wp-json\/wp\/v2\/pages"}],"about":[{"href":"https:\/\/ascom.klodzko.pl\/index.php\/wp-json\/wp\/v2\/types\/page"}],"author":[{"embeddable":true,"href":"https:\/\/ascom.klodzko.pl\/index.php\/wp-json\/wp\/v2\/users\/2"}],"replies":[{"embeddable":true,"href":"https:\/\/ascom.klodzko.pl\/index.php\/wp-json\/wp\/v2\/comments?post=73"}],"version-history":[{"count":4,"href":"https:\/\/ascom.klodzko.pl\/index.php\/wp-json\/wp\/v2\/pages\/73\/revisions"}],"predecessor-version":[{"id":153,"href":"https:\/\/ascom.klodzko.pl\/index.php\/wp-json\/wp\/v2\/pages\/73\/revisions\/153"}],"wp:attachment":[{"href":"https:\/\/ascom.klodzko.pl\/index.php\/wp-json\/wp\/v2\/media?parent=73"}],"curies":[{"name":"wp","href":"https:\/\/api.w.org\/{rel}","templated":true}]}}